
{"id":8471,"date":"2021-10-30T14:41:32","date_gmt":"2021-10-30T12:41:32","guid":{"rendered":"https:\/\/mfpp-origami.fr\/?post_type=publication&#038;p=8471"},"modified":"2024-03-24T09:55:03","modified_gmt":"2024-03-24T08:55:03","slug":"lepli-162","status":"publish","type":"publication","link":"https:\/\/mfpp-origami.fr\/en\/publication\/le-pli\/lepli-162\/","title":{"rendered":"Le Pli n\u00b0&nbsp;162&nbsp;(\/)"},"content":{"rendered":"","protected":false},"featured_media":0,"parent":5797,"menu_order":0,"template":"","meta":{"_acf_changed":false,"wp_typography_post_enhancements_disabled":false,"ngg_post_thumbnail":0,"__cvm_playback_settings":[],"__cvm_video_id":"","footnotes":""},"class_list":["post-8471","publication","type-publication","status-publish","hentry"],"acf":[],"yoast_head":"<!-- This site is optimized with the Yoast SEO plugin v27.4 - https:\/\/yoast.com\/product\/yoast-seo-wordpress\/ -->\n<title>Le Pli n\u00b0 162 (\/) &#8211; Mouvement Fran\u00e7ais des Plieurs de Papier<\/title>\n<meta name=\"robots\" content=\"index, follow, max-snippet:-1, max-image-preview:large, max-video-preview:-1\" \/>\n<link rel=\"canonical\" href=\"https:\/\/mfpp-origami.fr\/en\/publication\/le-pli\/lepli-162\/\" \/>\n<meta property=\"og:locale\" content=\"en_US\" \/>\n<meta property=\"og:type\" content=\"article\" \/>\n<meta property=\"og:title\" content=\"Le Pli n\u00b0 162 (\/) &#8211; Mouvement Fran\u00e7ais des Plieurs de Papier\" \/>\n<meta property=\"og:description\" content=\"Vie associative Qu\u2019est-ce que le pli(age) ? Interview de Michael Friedman par Laura Rozenberg Robin Glynn, un passionn\u00e9 d\u2019origami, depuis l\u2019enfance par Chantal Prestat The Origami Diagram Book par Robert Loubet Les contours de la feuille par Aur\u00e8le Duda L\u2019origami \u00e0 l\u2019\u00e9cole La M\u00e9daille du M\u00e9rite des Plieurs de Papier par Floridias d\u2019Aumesnil  La [base de la] grenouille qui veut se faire aussi grosse que le b\u0153uf de Pierre-Yves Gallard Buffle d\u2019Afrique de Viviane Berty Cagette \u00e0 p\u00eaches de Franco Pavarin Recyclez ! de David Dureisseix Muji Bug de Robin Glynn\" \/>\n<meta property=\"og:url\" content=\"https:\/\/mfpp-origami.fr\/en\/publication\/le-pli\/lepli-162\/\" \/>\n<meta property=\"og:site_name\" content=\"Mouvement Fran\u00e7ais des Plieurs de Papier\" \/>\n<meta property=\"article:publisher\" content=\"https:\/\/www.facebook.com\/mfpp.origami\" \/>\n<meta property=\"article:modified_time\" content=\"2024-03-24T08:55:03+00:00\" \/>\n<meta property=\"og:image\" content=\"https:\/\/mfpp-origami.fr\/media\/cropped-logo_mfpp_square512.png\" \/>\n\t<meta property=\"og:image:width\" content=\"512\" \/>\n\t<meta property=\"og:image:height\" content=\"512\" \/>\n\t<meta property=\"og:image:type\" content=\"image\/png\" \/>\n<meta name=\"twitter:card\" content=\"summary_large_image\" \/>\n<script type=\"application\/ld+json\" class=\"yoast-schema-graph\">{\"@context\":\"https:\\\/\\\/schema.org\",\"@graph\":[{\"@type\":\"WebPage\",\"@id\":\"https:\\\/\\\/mfpp-origami.fr\\\/en\\\/publication\\\/le-pli\\\/lepli-162\\\/\",\"url\":\"https:\\\/\\\/mfpp-origami.fr\\\/en\\\/publication\\\/le-pli\\\/lepli-162\\\/\",\"name\":\"Le Pli n\u00b0 162 (\\\/) &#8211; Mouvement Fran\u00e7ais des Plieurs de Papier\",\"isPartOf\":{\"@id\":\"https:\\\/\\\/mfpp-origami.fr\\\/en\\\/#website\"},\"datePublished\":\"2021-10-30T12:41:32+00:00\",\"dateModified\":\"2024-03-24T08:55:03+00:00\",\"breadcrumb\":{\"@id\":\"https:\\\/\\\/mfpp-origami.fr\\\/en\\\/publication\\\/le-pli\\\/lepli-162\\\/#breadcrumb\"},\"inLanguage\":\"en-US\",\"potentialAction\":[{\"@type\":\"ReadAction\",\"target\":[[\"https:\\\/\\\/mfpp-origami.fr\\\/en\\\/publication\\\/le-pli\\\/lepli-162\\\/\"]]}]},{\"@type\":\"BreadcrumbList\",\"@id\":\"https:\\\/\\\/mfpp-origami.fr\\\/en\\\/publication\\\/le-pli\\\/lepli-162\\\/#breadcrumb\",\"itemListElement\":[{\"@type\":\"ListItem\",\"position\":1,\"name\":\"Accueil\",\"item\":\"https:\\\/\\\/mfpp-origami.fr\\\/en\\\/\"},{\"@type\":\"ListItem\",\"position\":2,\"name\":\"Le Pli\",\"item\":\"https:\\\/\\\/mfpp-origami.fr\\\/en\\\/publication\\\/le-pli\\\/\"},{\"@type\":\"ListItem\",\"position\":3,\"name\":\"Le Pli n\u00b0 162 (2021\\\/3)\"}]},{\"@type\":\"WebSite\",\"@id\":\"https:\\\/\\\/mfpp-origami.fr\\\/en\\\/#website\",\"url\":\"https:\\\/\\\/mfpp-origami.fr\\\/en\\\/\",\"name\":\"Mouvement Fran\u00e7ais des Plieurs de Papier\",\"description\":\"French association for the promotion of origami\",\"publisher\":{\"@id\":\"https:\\\/\\\/mfpp-origami.fr\\\/en\\\/#organization\"},\"potentialAction\":[{\"@type\":\"SearchAction\",\"target\":{\"@type\":\"EntryPoint\",\"urlTemplate\":\"https:\\\/\\\/mfpp-origami.fr\\\/en\\\/?s={search_term_string}\"},\"query-input\":{\"@type\":\"PropertyValueSpecification\",\"valueRequired\":true,\"valueName\":\"search_term_string\"}}],\"inLanguage\":\"en-US\"},{\"@type\":\"Organization\",\"@id\":\"https:\\\/\\\/mfpp-origami.fr\\\/en\\\/#organization\",\"name\":\"Mouvement fran\u00e7ais des plieurs de papier\",\"url\":\"https:\\\/\\\/mfpp-origami.fr\\\/en\\\/\",\"logo\":{\"@type\":\"ImageObject\",\"inLanguage\":\"en-US\",\"@id\":\"https:\\\/\\\/mfpp-origami.fr\\\/en\\\/#\\\/schema\\\/logo\\\/image\\\/\",\"url\":\"https:\\\/\\\/mfpp-origami.fr\\\/media\\\/logo_web.png\",\"contentUrl\":\"https:\\\/\\\/mfpp-origami.fr\\\/media\\\/logo_web.png\",\"width\":499,\"height\":167,\"caption\":\"Mouvement fran\u00e7ais des plieurs de papier\"},\"image\":{\"@id\":\"https:\\\/\\\/mfpp-origami.fr\\\/en\\\/#\\\/schema\\\/logo\\\/image\\\/\"},\"sameAs\":[\"https:\\\/\\\/www.facebook.com\\\/mfpp.origami\",\"https:\\\/\\\/www.instagram.com\\\/origami_mfpp\\\/\",\"https:\\\/\\\/www.youtube.com\\\/channel\\\/UC72tuiSDql1EMf0oLmjvV4w\"]}]}<\/script>\n<!-- \/ Yoast SEO plugin. -->","yoast_head_json":{"title":"Le Pli n\u00b0 162 (\/) &#8211; Mouvement Fran\u00e7ais des Plieurs de Papier","robots":{"index":"index","follow":"follow","max-snippet":"max-snippet:-1","max-image-preview":"max-image-preview:large","max-video-preview":"max-video-preview:-1"},"canonical":"https:\/\/mfpp-origami.fr\/en\/publication\/le-pli\/lepli-162\/","og_locale":"en_US","og_type":"article","og_title":"Le Pli n\u00b0 162 (\/) &#8211; Mouvement Fran\u00e7ais des Plieurs de Papier","og_description":"Vie associative Qu\u2019est-ce que le pli(age) ? Interview de Michael Friedman par Laura Rozenberg Robin Glynn, un passionn\u00e9 d\u2019origami, depuis l\u2019enfance par Chantal Prestat The Origami Diagram Book par Robert Loubet Les contours de la feuille par Aur\u00e8le Duda L\u2019origami \u00e0 l\u2019\u00e9cole La M\u00e9daille du M\u00e9rite des Plieurs de Papier par Floridias d\u2019Aumesnil  La [base de la] grenouille qui veut se faire aussi grosse que le b\u0153uf de Pierre-Yves Gallard Buffle d\u2019Afrique de Viviane Berty Cagette \u00e0 p\u00eaches de Franco Pavarin Recyclez ! de David Dureisseix Muji Bug de Robin Glynn","og_url":"https:\/\/mfpp-origami.fr\/en\/publication\/le-pli\/lepli-162\/","og_site_name":"Mouvement Fran\u00e7ais des Plieurs de Papier","article_publisher":"https:\/\/www.facebook.com\/mfpp.origami","article_modified_time":"2024-03-24T08:55:03+00:00","og_image":[{"width":512,"height":512,"url":"https:\/\/mfpp-origami.fr\/media\/cropped-logo_mfpp_square512.png","type":"image\/png"}],"twitter_card":"summary_large_image","schema":{"@context":"https:\/\/schema.org","@graph":[{"@type":"WebPage","@id":"https:\/\/mfpp-origami.fr\/en\/publication\/le-pli\/lepli-162\/","url":"https:\/\/mfpp-origami.fr\/en\/publication\/le-pli\/lepli-162\/","name":"Le Pli n\u00b0 162 (\/) &#8211; Mouvement Fran\u00e7ais des Plieurs de Papier","isPartOf":{"@id":"https:\/\/mfpp-origami.fr\/en\/#website"},"datePublished":"2021-10-30T12:41:32+00:00","dateModified":"2024-03-24T08:55:03+00:00","breadcrumb":{"@id":"https:\/\/mfpp-origami.fr\/en\/publication\/le-pli\/lepli-162\/#breadcrumb"},"inLanguage":"en-US","potentialAction":[{"@type":"ReadAction","target":[["https:\/\/mfpp-origami.fr\/en\/publication\/le-pli\/lepli-162\/"]]}]},{"@type":"BreadcrumbList","@id":"https:\/\/mfpp-origami.fr\/en\/publication\/le-pli\/lepli-162\/#breadcrumb","itemListElement":[{"@type":"ListItem","position":1,"name":"Accueil","item":"https:\/\/mfpp-origami.fr\/en\/"},{"@type":"ListItem","position":2,"name":"Le Pli","item":"https:\/\/mfpp-origami.fr\/en\/publication\/le-pli\/"},{"@type":"ListItem","position":3,"name":"Le Pli n\u00b0 162 (2021\/3)"}]},{"@type":"WebSite","@id":"https:\/\/mfpp-origami.fr\/en\/#website","url":"https:\/\/mfpp-origami.fr\/en\/","name":"Mouvement Fran\u00e7ais des Plieurs de Papier","description":"French association for the promotion of origami","publisher":{"@id":"https:\/\/mfpp-origami.fr\/en\/#organization"},"potentialAction":[{"@type":"SearchAction","target":{"@type":"EntryPoint","urlTemplate":"https:\/\/mfpp-origami.fr\/en\/?s={search_term_string}"},"query-input":{"@type":"PropertyValueSpecification","valueRequired":true,"valueName":"search_term_string"}}],"inLanguage":"en-US"},{"@type":"Organization","@id":"https:\/\/mfpp-origami.fr\/en\/#organization","name":"Mouvement fran\u00e7ais des plieurs de papier","url":"https:\/\/mfpp-origami.fr\/en\/","logo":{"@type":"ImageObject","inLanguage":"en-US","@id":"https:\/\/mfpp-origami.fr\/en\/#\/schema\/logo\/image\/","url":"https:\/\/mfpp-origami.fr\/media\/logo_web.png","contentUrl":"https:\/\/mfpp-origami.fr\/media\/logo_web.png","width":499,"height":167,"caption":"Mouvement fran\u00e7ais des plieurs de papier"},"image":{"@id":"https:\/\/mfpp-origami.fr\/en\/#\/schema\/logo\/image\/"},"sameAs":["https:\/\/www.facebook.com\/mfpp.origami","https:\/\/www.instagram.com\/origami_mfpp\/","https:\/\/www.youtube.com\/channel\/UC72tuiSDql1EMf0oLmjvV4w"]}]}},"_links":{"self":[{"href":"https:\/\/mfpp-origami.fr\/en\/wp-json\/wp\/v2\/publication\/8471","targetHints":{"allow":["GET"]}}],"collection":[{"href":"https:\/\/mfpp-origami.fr\/en\/wp-json\/wp\/v2\/publication"}],"about":[{"href":"https:\/\/mfpp-origami.fr\/en\/wp-json\/wp\/v2\/types\/publication"}],"version-history":[{"count":2,"href":"https:\/\/mfpp-origami.fr\/en\/wp-json\/wp\/v2\/publication\/8471\/revisions"}],"predecessor-version":[{"id":12503,"href":"https:\/\/mfpp-origami.fr\/en\/wp-json\/wp\/v2\/publication\/8471\/revisions\/12503"}],"up":[{"embeddable":true,"href":"https:\/\/mfpp-origami.fr\/en\/wp-json\/wp\/v2\/publication\/5797"}],"wp:attachment":[{"href":"https:\/\/mfpp-origami.fr\/en\/wp-json\/wp\/v2\/media?parent=8471"}],"curies":[{"name":"wp","href":"https:\/\/api.w.org\/{rel}","templated":true}]}}

<!-- This site is optimized with the Yoast SEO plugin v27.4 - https://yoast.com/product/yoast-seo-wordpress/ -->
<title>Le Pli n° 162 (/) &#8211; Mouvement Français des Plieurs de Papier</title>
<meta name="robots" content="index, follow, max-snippet:-1, max-image-preview:large, max-video-preview:-1" />
<link rel="canonical" href="https://mfpp-origami.fr/en/publication/le-pli/lepli-162/" />
<meta property="og:locale" content="en_US" />
<meta property="og:type" content="article" />
<meta property="og:title" content="Le Pli n° 162 (/) &#8211; Mouvement Français des Plieurs de Papier" />
<meta property="og:description" content="Vie associative Qu’est-ce que le pli(age) ? Interview de Michael Friedman par Laura Rozenberg Robin Glynn, un passionné d’origami, depuis l’enfance par Chantal Prestat The Origami Diagram Book par Robert Loubet Les contours de la feuille par Aurèle Duda L’origami à l’école La Médaille du Mérite des Plieurs de Papier par Floridias d’Aumesnil  La [base de la] grenouille qui veut se faire aussi grosse que le bœuf de Pierre-Yves Gallard Buffle d’Afrique de Viviane Berty Cagette à pêches de Franco Pavarin Recyclez ! de David Dureisseix Muji Bug de Robin Glynn" />
<meta property="og:url" content="https://mfpp-origami.fr/en/publication/le-pli/lepli-162/" />
<meta property="og:site_name" content="Mouvement Français des Plieurs de Papier" />
<meta property="article:publisher" content="https://www.facebook.com/mfpp.origami" />
<meta property="article:modified_time" content="2024-03-24T08:55:03+00:00" />
<meta property="og:image" content="https://mfpp-origami.fr/media/cropped-logo_mfpp_square512.png" />
	<meta property="og:image:width" content="512" />
	<meta property="og:image:height" content="512" />
	<meta property="og:image:type" content="image/png" />
<meta name="twitter:card" content="summary_large_image" />
<script type="application/ld+json" class="yoast-schema-graph">{"@context":"https:\/\/schema.org","@graph":[{"@type":"WebPage","@id":"https:\/\/mfpp-origami.fr\/en\/publication\/le-pli\/lepli-162\/","url":"https:\/\/mfpp-origami.fr\/en\/publication\/le-pli\/lepli-162\/","name":"Le Pli n° 162 (\/) &#8211; Mouvement Français des Plieurs de Papier","isPartOf":{"@id":"https:\/\/mfpp-origami.fr\/en\/#website"},"datePublished":"2021-10-30T12:41:32+00:00","dateModified":"2024-03-24T08:55:03+00:00","breadcrumb":{"@id":"https:\/\/mfpp-origami.fr\/en\/publication\/le-pli\/lepli-162\/#breadcrumb"},"inLanguage":"en-US","potentialAction":[{"@type":"ReadAction","target":[["https:\/\/mfpp-origami.fr\/en\/publication\/le-pli\/lepli-162\/"]]}]},{"@type":"BreadcrumbList","@id":"https:\/\/mfpp-origami.fr\/en\/publication\/le-pli\/lepli-162\/#breadcrumb","itemListElement":[{"@type":"ListItem","position":1,"name":"Accueil","item":"https:\/\/mfpp-origami.fr\/en\/"},{"@type":"ListItem","position":2,"name":"Le Pli","item":"https:\/\/mfpp-origami.fr\/en\/publication\/le-pli\/"},{"@type":"ListItem","position":3,"name":"Le Pli n° 162 (2021\/3)"}]},{"@type":"WebSite","@id":"https:\/\/mfpp-origami.fr\/en\/#website","url":"https:\/\/mfpp-origami.fr\/en\/","name":"Mouvement Français des Plieurs de Papier","description":"French association for the promotion of origami","publisher":{"@id":"https:\/\/mfpp-origami.fr\/en\/#organization"},"potentialAction":[{"@type":"SearchAction","target":{"@type":"EntryPoint","urlTemplate":"https:\/\/mfpp-origami.fr\/en\/?s={search_term_string}"},"query-input":{"@type":"PropertyValueSpecification","valueRequired":true,"valueName":"search_term_string"}}],"inLanguage":"en-US"},{"@type":"Organization","@id":"https:\/\/mfpp-origami.fr\/en\/#organization","name":"Mouvement français des plieurs de papier","url":"https:\/\/mfpp-origami.fr\/en\/","logo":{"@type":"ImageObject","inLanguage":"en-US","@id":"https:\/\/mfpp-origami.fr\/en\/#\/schema\/logo\/image\/","url":"https:\/\/mfpp-origami.fr\/media\/logo_web.png","contentUrl":"https:\/\/mfpp-origami.fr\/media\/logo_web.png","width":499,"height":167,"caption":"Mouvement français des plieurs de papier"},"image":{"@id":"https:\/\/mfpp-origami.fr\/en\/#\/schema\/logo\/image\/"},"sameAs":["https:\/\/www.facebook.com\/mfpp.origami","https:\/\/www.instagram.com\/origami_mfpp\/","https:\/\/www.youtube.com\/channel\/UC72tuiSDql1EMf0oLmjvV4w"]}]}</script>
<!-- / Yoast SEO plugin. -->

Le Pli n° 162 (/) &#8211; Mouvement Français des Plieurs de Papier

Vie associative Qu’est-ce que le pli(age) ? Interview de Michael Friedman par Laura Rozenberg Robin Glynn, un passionné d’origami, depuis l’enfance par Chantal Prestat The Origami Diagram Book par Robert Loubet Les contours de la feuille par Aurèle Duda L’origami à l’école La Médaille du Mérite des Plieurs de Papier par Floridias d’Aumesnil  La [base de la] grenouille qui veut se faire aussi grosse que le bœuf de Pierre-Yves Gallard Buffle d’Afrique de Viviane Berty Cagette à pêches de Franco Pavarin Recyclez ! de David Dureisseix Muji Bug de Robin Glynn

Mouvement Français des Plieurs de Papier

Mouvement français des plieurs de papier
