
{"id":6751,"date":"2020-09-01T23:59:00","date_gmt":"2020-12-07T18:23:35","guid":{"rendered":"https:\/\/mfpp-origami.fr\/?post_type=publication&#038;p=6751"},"modified":"2024-03-21T04:11:15","modified_gmt":"2024-03-21T03:11:15","slug":"lepli-159","status":"publish","type":"publication","link":"https:\/\/mfpp-origami.fr\/en\/publication\/le-pli\/lepli-159\/","title":{"rendered":"Le Pli n\u00b0 159 (4\/2020)"},"content":{"rendered":"<p><\/p>\n\n<p><\/p>","protected":false},"featured_media":6754,"parent":5797,"menu_order":0,"template":"","meta":{"_acf_changed":false,"wp_typography_post_enhancements_disabled":false,"ngg_post_thumbnail":0,"__cvm_playback_settings":[],"__cvm_video_id":"","footnotes":""},"class_list":["post-6751","publication","type-publication","status-publish","has-post-thumbnail","hentry"],"acf":[],"yoast_head":"<!-- This site is optimized with the Yoast SEO plugin v27.4 - https:\/\/yoast.com\/product\/yoast-seo-wordpress\/ -->\n<title>Le Pli n\u00b0 159 (4\/2020) &#8211; Mouvement Fran\u00e7ais des Plieurs de Papier<\/title>\n<meta name=\"robots\" content=\"index, follow, max-snippet:-1, max-image-preview:large, max-video-preview:-1\" \/>\n<link rel=\"canonical\" href=\"https:\/\/mfpp-origami.fr\/en\/publication\/le-pli\/lepli-159\/\" \/>\n<meta property=\"og:locale\" content=\"en_US\" \/>\n<meta property=\"og:type\" content=\"article\" \/>\n<meta property=\"og:title\" content=\"Le Pli n\u00b0 159 (4\/2020) &#8211; Mouvement Fran\u00e7ais des Plieurs de Papier\" \/>\n<meta property=\"og:description\" content=\"Les bijoux de papier de Vanda Battaglia. Propos recueillis par Amandine Guerra Une suite de pliages de papier par Aur\u00e8le Duda Hommage \u00e0 \u00c9ric Joisel par Alain Joisel Deux pliages de lettres anciens par Edwin Corrie La m\u00e9moire des plis par Dewi Brunet et Gwena\u00ebl Prost J\u2019ai particip\u00e9 au Marathon mondial d\u2019origami ! par Jonathan Rebouillat Juste une simple base de S\u00e9bastien Limet. Propos recueillis par Amandine Guerra \u00c0 Paris, sous le kiosque du Jardin du Luxembourg par Chantal Prestat Paper and form 2 de J\u00f3zsef Zsebe par Chantal Prestat  Thai Flower de Vanda Battaglia Harpe d\u2019Aur\u00e8le Duda B\u0153uf de J\u00f3zsef Zsebe\" \/>\n<meta property=\"og:url\" content=\"https:\/\/mfpp-origami.fr\/en\/publication\/le-pli\/lepli-159\/\" \/>\n<meta property=\"og:site_name\" content=\"Mouvement Fran\u00e7ais des Plieurs de Papier\" \/>\n<meta property=\"article:publisher\" content=\"https:\/\/www.facebook.com\/mfpp.origami\" \/>\n<meta property=\"article:modified_time\" content=\"2024-03-21T03:11:15+00:00\" \/>\n<meta property=\"og:image\" content=\"https:\/\/mfpp-origami.fr\/media\/lepli_159_couverture.jpg\" \/>\n\t<meta property=\"og:image:width\" content=\"669\" \/>\n\t<meta property=\"og:image:height\" content=\"944\" \/>\n\t<meta property=\"og:image:type\" content=\"image\/jpeg\" \/>\n<meta name=\"twitter:card\" content=\"summary_large_image\" \/>\n<script type=\"application\/ld+json\" class=\"yoast-schema-graph\">{\"@context\":\"https:\\\/\\\/schema.org\",\"@graph\":[{\"@type\":\"WebPage\",\"@id\":\"https:\\\/\\\/mfpp-origami.fr\\\/en\\\/publication\\\/le-pli\\\/lepli-159\\\/\",\"url\":\"https:\\\/\\\/mfpp-origami.fr\\\/en\\\/publication\\\/le-pli\\\/lepli-159\\\/\",\"name\":\"Le Pli n\u00b0 159 (4\\\/2020) &#8211; Mouvement Fran\u00e7ais des Plieurs de Papier\",\"isPartOf\":{\"@id\":\"https:\\\/\\\/mfpp-origami.fr\\\/en\\\/#website\"},\"primaryImageOfPage\":{\"@id\":\"https:\\\/\\\/mfpp-origami.fr\\\/en\\\/publication\\\/le-pli\\\/lepli-159\\\/#primaryimage\"},\"image\":{\"@id\":\"https:\\\/\\\/mfpp-origami.fr\\\/publication\\\/le-pli\\\/lepli-159\\\/#primaryimage\"},\"thumbnailUrl\":\"https:\\\/\\\/mfpp-origami.fr\\\/media\\\/lepli_159_couverture.jpg\",\"datePublished\":\"2020-12-07T18:23:35+00:00\",\"dateModified\":\"2024-03-21T03:11:15+00:00\",\"breadcrumb\":{\"@id\":\"https:\\\/\\\/mfpp-origami.fr\\\/en\\\/publication\\\/le-pli\\\/lepli-159\\\/#breadcrumb\"},\"inLanguage\":\"en-US\",\"potentialAction\":[{\"@type\":\"ReadAction\",\"target\":[[\"https:\\\/\\\/mfpp-origami.fr\\\/en\\\/publication\\\/le-pli\\\/lepli-159\\\/\"]]}]},{\"@type\":\"ImageObject\",\"inLanguage\":\"en-US\",\"@id\":\"https:\\\/\\\/mfpp-origami.fr\\\/en\\\/publication\\\/le-pli\\\/lepli-159\\\/#primaryimage\",\"url\":\"https:\\\/\\\/mfpp-origami.fr\\\/media\\\/lepli_159_couverture.jpg\",\"contentUrl\":\"https:\\\/\\\/mfpp-origami.fr\\\/media\\\/lepli_159_couverture.jpg\",\"width\":669,\"height\":944},{\"@type\":\"BreadcrumbList\",\"@id\":\"https:\\\/\\\/mfpp-origami.fr\\\/en\\\/publication\\\/le-pli\\\/lepli-159\\\/#breadcrumb\",\"itemListElement\":[{\"@type\":\"ListItem\",\"position\":1,\"name\":\"Accueil\",\"item\":\"https:\\\/\\\/mfpp-origami.fr\\\/en\\\/\"},{\"@type\":\"ListItem\",\"position\":2,\"name\":\"Le Pli\",\"item\":\"https:\\\/\\\/mfpp-origami.fr\\\/en\\\/publication\\\/le-pli\\\/\"},{\"@type\":\"ListItem\",\"position\":3,\"name\":\"Le Pli n\u00b0 159 (4\\\/2020)\"}]},{\"@type\":\"WebSite\",\"@id\":\"https:\\\/\\\/mfpp-origami.fr\\\/en\\\/#website\",\"url\":\"https:\\\/\\\/mfpp-origami.fr\\\/en\\\/\",\"name\":\"Mouvement Fran\u00e7ais des Plieurs de Papier\",\"description\":\"French association for the promotion of origami\",\"publisher\":{\"@id\":\"https:\\\/\\\/mfpp-origami.fr\\\/en\\\/#organization\"},\"potentialAction\":[{\"@type\":\"SearchAction\",\"target\":{\"@type\":\"EntryPoint\",\"urlTemplate\":\"https:\\\/\\\/mfpp-origami.fr\\\/en\\\/?s={search_term_string}\"},\"query-input\":{\"@type\":\"PropertyValueSpecification\",\"valueRequired\":true,\"valueName\":\"search_term_string\"}}],\"inLanguage\":\"en-US\"},{\"@type\":\"Organization\",\"@id\":\"https:\\\/\\\/mfpp-origami.fr\\\/en\\\/#organization\",\"name\":\"Mouvement fran\u00e7ais des plieurs de papier\",\"url\":\"https:\\\/\\\/mfpp-origami.fr\\\/en\\\/\",\"logo\":{\"@type\":\"ImageObject\",\"inLanguage\":\"en-US\",\"@id\":\"https:\\\/\\\/mfpp-origami.fr\\\/en\\\/#\\\/schema\\\/logo\\\/image\\\/\",\"url\":\"https:\\\/\\\/mfpp-origami.fr\\\/media\\\/logo_web.png\",\"contentUrl\":\"https:\\\/\\\/mfpp-origami.fr\\\/media\\\/logo_web.png\",\"width\":499,\"height\":167,\"caption\":\"Mouvement fran\u00e7ais des plieurs de papier\"},\"image\":{\"@id\":\"https:\\\/\\\/mfpp-origami.fr\\\/en\\\/#\\\/schema\\\/logo\\\/image\\\/\"},\"sameAs\":[\"https:\\\/\\\/www.facebook.com\\\/mfpp.origami\",\"https:\\\/\\\/www.instagram.com\\\/origami_mfpp\\\/\",\"https:\\\/\\\/www.youtube.com\\\/channel\\\/UC72tuiSDql1EMf0oLmjvV4w\"]}]}<\/script>\n<!-- \/ Yoast SEO plugin. -->","yoast_head_json":{"title":"Le Pli n\u00b0 159 (4\/2020) &#8211; Mouvement Fran\u00e7ais des Plieurs de Papier","robots":{"index":"index","follow":"follow","max-snippet":"max-snippet:-1","max-image-preview":"max-image-preview:large","max-video-preview":"max-video-preview:-1"},"canonical":"https:\/\/mfpp-origami.fr\/en\/publication\/le-pli\/lepli-159\/","og_locale":"en_US","og_type":"article","og_title":"Le Pli n\u00b0 159 (4\/2020) &#8211; Mouvement Fran\u00e7ais des Plieurs de Papier","og_description":"Les bijoux de papier de Vanda Battaglia. Propos recueillis par Amandine Guerra Une suite de pliages de papier par Aur\u00e8le Duda Hommage \u00e0 \u00c9ric Joisel par Alain Joisel Deux pliages de lettres anciens par Edwin Corrie La m\u00e9moire des plis par Dewi Brunet et Gwena\u00ebl Prost J\u2019ai particip\u00e9 au Marathon mondial d\u2019origami ! par Jonathan Rebouillat Juste une simple base de S\u00e9bastien Limet. Propos recueillis par Amandine Guerra \u00c0 Paris, sous le kiosque du Jardin du Luxembourg par Chantal Prestat Paper and form 2 de J\u00f3zsef Zsebe par Chantal Prestat  Thai Flower de Vanda Battaglia Harpe d\u2019Aur\u00e8le Duda B\u0153uf de J\u00f3zsef Zsebe","og_url":"https:\/\/mfpp-origami.fr\/en\/publication\/le-pli\/lepli-159\/","og_site_name":"Mouvement Fran\u00e7ais des Plieurs de Papier","article_publisher":"https:\/\/www.facebook.com\/mfpp.origami","article_modified_time":"2024-03-21T03:11:15+00:00","og_image":[{"width":669,"height":944,"url":"https:\/\/mfpp-origami.fr\/media\/lepli_159_couverture.jpg","type":"image\/jpeg"}],"twitter_card":"summary_large_image","schema":{"@context":"https:\/\/schema.org","@graph":[{"@type":"WebPage","@id":"https:\/\/mfpp-origami.fr\/en\/publication\/le-pli\/lepli-159\/","url":"https:\/\/mfpp-origami.fr\/en\/publication\/le-pli\/lepli-159\/","name":"Le Pli n\u00b0 159 (4\/2020) &#8211; Mouvement Fran\u00e7ais des Plieurs de Papier","isPartOf":{"@id":"https:\/\/mfpp-origami.fr\/en\/#website"},"primaryImageOfPage":{"@id":"https:\/\/mfpp-origami.fr\/en\/publication\/le-pli\/lepli-159\/#primaryimage"},"image":{"@id":"https:\/\/mfpp-origami.fr\/publication\/le-pli\/lepli-159\/#primaryimage"},"thumbnailUrl":"https:\/\/mfpp-origami.fr\/media\/lepli_159_couverture.jpg","datePublished":"2020-12-07T18:23:35+00:00","dateModified":"2024-03-21T03:11:15+00:00","breadcrumb":{"@id":"https:\/\/mfpp-origami.fr\/en\/publication\/le-pli\/lepli-159\/#breadcrumb"},"inLanguage":"en-US","potentialAction":[{"@type":"ReadAction","target":[["https:\/\/mfpp-origami.fr\/en\/publication\/le-pli\/lepli-159\/"]]}]},{"@type":"ImageObject","inLanguage":"en-US","@id":"https:\/\/mfpp-origami.fr\/en\/publication\/le-pli\/lepli-159\/#primaryimage","url":"https:\/\/mfpp-origami.fr\/media\/lepli_159_couverture.jpg","contentUrl":"https:\/\/mfpp-origami.fr\/media\/lepli_159_couverture.jpg","width":669,"height":944},{"@type":"BreadcrumbList","@id":"https:\/\/mfpp-origami.fr\/en\/publication\/le-pli\/lepli-159\/#breadcrumb","itemListElement":[{"@type":"ListItem","position":1,"name":"Accueil","item":"https:\/\/mfpp-origami.fr\/en\/"},{"@type":"ListItem","position":2,"name":"Le Pli","item":"https:\/\/mfpp-origami.fr\/en\/publication\/le-pli\/"},{"@type":"ListItem","position":3,"name":"Le Pli n\u00b0 159 (4\/2020)"}]},{"@type":"WebSite","@id":"https:\/\/mfpp-origami.fr\/en\/#website","url":"https:\/\/mfpp-origami.fr\/en\/","name":"Mouvement Fran\u00e7ais des Plieurs de Papier","description":"French association for the promotion of origami","publisher":{"@id":"https:\/\/mfpp-origami.fr\/en\/#organization"},"potentialAction":[{"@type":"SearchAction","target":{"@type":"EntryPoint","urlTemplate":"https:\/\/mfpp-origami.fr\/en\/?s={search_term_string}"},"query-input":{"@type":"PropertyValueSpecification","valueRequired":true,"valueName":"search_term_string"}}],"inLanguage":"en-US"},{"@type":"Organization","@id":"https:\/\/mfpp-origami.fr\/en\/#organization","name":"Mouvement fran\u00e7ais des plieurs de papier","url":"https:\/\/mfpp-origami.fr\/en\/","logo":{"@type":"ImageObject","inLanguage":"en-US","@id":"https:\/\/mfpp-origami.fr\/en\/#\/schema\/logo\/image\/","url":"https:\/\/mfpp-origami.fr\/media\/logo_web.png","contentUrl":"https:\/\/mfpp-origami.fr\/media\/logo_web.png","width":499,"height":167,"caption":"Mouvement fran\u00e7ais des plieurs de papier"},"image":{"@id":"https:\/\/mfpp-origami.fr\/en\/#\/schema\/logo\/image\/"},"sameAs":["https:\/\/www.facebook.com\/mfpp.origami","https:\/\/www.instagram.com\/origami_mfpp\/","https:\/\/www.youtube.com\/channel\/UC72tuiSDql1EMf0oLmjvV4w"]}]}},"_links":{"self":[{"href":"https:\/\/mfpp-origami.fr\/en\/wp-json\/wp\/v2\/publication\/6751","targetHints":{"allow":["GET"]}}],"collection":[{"href":"https:\/\/mfpp-origami.fr\/en\/wp-json\/wp\/v2\/publication"}],"about":[{"href":"https:\/\/mfpp-origami.fr\/en\/wp-json\/wp\/v2\/types\/publication"}],"version-history":[{"count":1,"href":"https:\/\/mfpp-origami.fr\/en\/wp-json\/wp\/v2\/publication\/6751\/revisions"}],"predecessor-version":[{"id":12328,"href":"https:\/\/mfpp-origami.fr\/en\/wp-json\/wp\/v2\/publication\/6751\/revisions\/12328"}],"up":[{"embeddable":true,"href":"https:\/\/mfpp-origami.fr\/en\/wp-json\/wp\/v2\/publication\/5797"}],"wp:featuredmedia":[{"embeddable":true,"href":"https:\/\/mfpp-origami.fr\/en\/wp-json\/wp\/v2\/media\/6754"}],"wp:attachment":[{"href":"https:\/\/mfpp-origami.fr\/en\/wp-json\/wp\/v2\/media?parent=6751"}],"curies":[{"name":"wp","href":"https:\/\/api.w.org\/{rel}","templated":true}]}}

<!-- This site is optimized with the Yoast SEO plugin v27.4 - https://yoast.com/product/yoast-seo-wordpress/ -->
<title>Le Pli n° 159 (4/2020) &#8211; Mouvement Français des Plieurs de Papier</title>
<meta name="robots" content="index, follow, max-snippet:-1, max-image-preview:large, max-video-preview:-1" />
<link rel="canonical" href="https://mfpp-origami.fr/en/publication/le-pli/lepli-159/" />
<meta property="og:locale" content="en_US" />
<meta property="og:type" content="article" />
<meta property="og:title" content="Le Pli n° 159 (4/2020) &#8211; Mouvement Français des Plieurs de Papier" />
<meta property="og:description" content="Les bijoux de papier de Vanda Battaglia. Propos recueillis par Amandine Guerra Une suite de pliages de papier par Aurèle Duda Hommage à Éric Joisel par Alain Joisel Deux pliages de lettres anciens par Edwin Corrie La mémoire des plis par Dewi Brunet et Gwenaël Prost J’ai participé au Marathon mondial d’origami ! par Jonathan Rebouillat Juste une simple base de Sébastien Limet. Propos recueillis par Amandine Guerra À Paris, sous le kiosque du Jardin du Luxembourg par Chantal Prestat Paper and form 2 de József Zsebe par Chantal Prestat  Thai Flower de Vanda Battaglia Harpe d’Aurèle Duda Bœuf de József Zsebe" />
<meta property="og:url" content="https://mfpp-origami.fr/en/publication/le-pli/lepli-159/" />
<meta property="og:site_name" content="Mouvement Français des Plieurs de Papier" />
<meta property="article:publisher" content="https://www.facebook.com/mfpp.origami" />
<meta property="article:modified_time" content="2024-03-21T03:11:15+00:00" />
<meta property="og:image" content="https://mfpp-origami.fr/media/lepli_159_couverture.jpg" />
	<meta property="og:image:width" content="669" />
	<meta property="og:image:height" content="944" />
	<meta property="og:image:type" content="image/jpeg" />
<meta name="twitter:card" content="summary_large_image" />
<script type="application/ld+json" class="yoast-schema-graph">{"@context":"https:\/\/schema.org","@graph":[{"@type":"WebPage","@id":"https:\/\/mfpp-origami.fr\/en\/publication\/le-pli\/lepli-159\/","url":"https:\/\/mfpp-origami.fr\/en\/publication\/le-pli\/lepli-159\/","name":"Le Pli n° 159 (4\/2020) &#8211; Mouvement Français des Plieurs de Papier","isPartOf":{"@id":"https:\/\/mfpp-origami.fr\/en\/#website"},"primaryImageOfPage":{"@id":"https:\/\/mfpp-origami.fr\/en\/publication\/le-pli\/lepli-159\/#primaryimage"},"image":{"@id":"https:\/\/mfpp-origami.fr\/publication\/le-pli\/lepli-159\/#primaryimage"},"thumbnailUrl":"https:\/\/mfpp-origami.fr\/media\/lepli_159_couverture.jpg","datePublished":"2020-12-07T18:23:35+00:00","dateModified":"2024-03-21T03:11:15+00:00","breadcrumb":{"@id":"https:\/\/mfpp-origami.fr\/en\/publication\/le-pli\/lepli-159\/#breadcrumb"},"inLanguage":"en-US","potentialAction":[{"@type":"ReadAction","target":[["https:\/\/mfpp-origami.fr\/en\/publication\/le-pli\/lepli-159\/"]]}]},{"@type":"ImageObject","inLanguage":"en-US","@id":"https:\/\/mfpp-origami.fr\/en\/publication\/le-pli\/lepli-159\/#primaryimage","url":"https:\/\/mfpp-origami.fr\/media\/lepli_159_couverture.jpg","contentUrl":"https:\/\/mfpp-origami.fr\/media\/lepli_159_couverture.jpg","width":669,"height":944},{"@type":"BreadcrumbList","@id":"https:\/\/mfpp-origami.fr\/en\/publication\/le-pli\/lepli-159\/#breadcrumb","itemListElement":[{"@type":"ListItem","position":1,"name":"Accueil","item":"https:\/\/mfpp-origami.fr\/en\/"},{"@type":"ListItem","position":2,"name":"Le Pli","item":"https:\/\/mfpp-origami.fr\/en\/publication\/le-pli\/"},{"@type":"ListItem","position":3,"name":"Le Pli n° 159 (4\/2020)"}]},{"@type":"WebSite","@id":"https:\/\/mfpp-origami.fr\/en\/#website","url":"https:\/\/mfpp-origami.fr\/en\/","name":"Mouvement Français des Plieurs de Papier","description":"French association for the promotion of origami","publisher":{"@id":"https:\/\/mfpp-origami.fr\/en\/#organization"},"potentialAction":[{"@type":"SearchAction","target":{"@type":"EntryPoint","urlTemplate":"https:\/\/mfpp-origami.fr\/en\/?s={search_term_string}"},"query-input":{"@type":"PropertyValueSpecification","valueRequired":true,"valueName":"search_term_string"}}],"inLanguage":"en-US"},{"@type":"Organization","@id":"https:\/\/mfpp-origami.fr\/en\/#organization","name":"Mouvement français des plieurs de papier","url":"https:\/\/mfpp-origami.fr\/en\/","logo":{"@type":"ImageObject","inLanguage":"en-US","@id":"https:\/\/mfpp-origami.fr\/en\/#\/schema\/logo\/image\/","url":"https:\/\/mfpp-origami.fr\/media\/logo_web.png","contentUrl":"https:\/\/mfpp-origami.fr\/media\/logo_web.png","width":499,"height":167,"caption":"Mouvement français des plieurs de papier"},"image":{"@id":"https:\/\/mfpp-origami.fr\/en\/#\/schema\/logo\/image\/"},"sameAs":["https:\/\/www.facebook.com\/mfpp.origami","https:\/\/www.instagram.com\/origami_mfpp\/","https:\/\/www.youtube.com\/channel\/UC72tuiSDql1EMf0oLmjvV4w"]}]}</script>
<!-- / Yoast SEO plugin. -->

Le Pli n° 159 (4/2020) &#8211; Mouvement Français des Plieurs de Papier

Les bijoux de papier de Vanda Battaglia. Propos recueillis par Amandine Guerra Une suite de pliages de papier par Aurèle Duda Hommage à Éric Joisel par Alain Joisel Deux pliages de lettres anciens par Edwin Corrie La mémoire des plis par Dewi Brunet et Gwenaël Prost J’ai participé au Marathon mondial d’origami ! par Jonathan Rebouillat Juste une simple base de Sébastien Limet. Propos recueillis par Amandine Guerra À Paris, sous le kiosque du Jardin du Luxembourg par Chantal Prestat Paper and form 2 de József Zsebe par Chantal Prestat  Thai Flower de Vanda Battaglia Harpe d’Aurèle Duda Bœuf de József Zsebe

Mouvement Français des Plieurs de Papier

Mouvement français des plieurs de papier
