
{"id":6034,"date":"2006-03-01T23:59:00","date_gmt":"2020-11-02T15:51:40","guid":{"rendered":"https:\/\/mfpp-origami.fr\/?post_type=publication&#038;p=6034"},"modified":"2024-03-21T04:11:16","modified_gmt":"2024-03-21T03:11:16","slug":"lepli-103","status":"publish","type":"publication","link":"https:\/\/mfpp-origami.fr\/en\/publication\/le-pli\/lepli-103\/","title":{"rendered":"Le Pli n\u00b0 103 (2\/2006)"},"content":{"rendered":"","protected":false},"featured_media":791,"parent":5797,"menu_order":0,"template":"","meta":{"_acf_changed":false,"wp_typography_post_enhancements_disabled":false,"ngg_post_thumbnail":0,"__cvm_playback_settings":[],"__cvm_video_id":"","footnotes":""},"class_list":["post-6034","publication","type-publication","status-publish","has-post-thumbnail","hentry"],"acf":[],"yoast_head":"<!-- This site is optimized with the Yoast SEO plugin v27.4 - https:\/\/yoast.com\/product\/yoast-seo-wordpress\/ -->\n<title>Le Pli n\u00b0 103 (2\/2006) &#8211; Mouvement Fran\u00e7ais des Plieurs de Papier<\/title>\n<meta name=\"robots\" content=\"index, follow, max-snippet:-1, max-image-preview:large, max-video-preview:-1\" \/>\n<link rel=\"canonical\" href=\"https:\/\/mfpp-origami.fr\/en\/publication\/le-pli\/lepli-103\/\" \/>\n<meta property=\"og:locale\" content=\"en_US\" \/>\n<meta property=\"og:type\" content=\"article\" \/>\n<meta property=\"og:title\" content=\"Le Pli n\u00b0 103 (2\/2006) &#8211; Mouvement Fran\u00e7ais des Plieurs de Papier\" \/>\n<meta property=\"og:description\" content=\"\u00ab Sont les filles de La Rochelle \u00bb et quelques autres plieurs d&#8217;Annette Hassenforder Carlos Gonzalez Santamaria (autoportrait) Roman Diaz (autoportrait) Au pays de l&#8217;origami de Chantal Hinckellrin (exposition \u00e0 Chauny)  Escargot de Carlos Gonz\u00e0lez Santamaria Petit coq de Rom\u00e0n Diaz Deux feuilles de Yoshihide Momotani Fleur avec \u00e9tamine et pistil de Yoshihide Momotani Rameau de la Paix de Claudine Pisasale\" \/>\n<meta property=\"og:url\" content=\"https:\/\/mfpp-origami.fr\/en\/publication\/le-pli\/lepli-103\/\" \/>\n<meta property=\"og:site_name\" content=\"Mouvement Fran\u00e7ais des Plieurs de Papier\" \/>\n<meta property=\"article:publisher\" content=\"https:\/\/www.facebook.com\/mfpp.origami\" \/>\n<meta property=\"article:modified_time\" content=\"2024-03-21T03:11:16+00:00\" \/>\n<meta property=\"og:image\" content=\"https:\/\/mfpp-origami.fr\/media\/Le-Pli-103-04-2006-couv.jpg\" \/>\n\t<meta property=\"og:image:width\" content=\"1225\" \/>\n\t<meta property=\"og:image:height\" content=\"1740\" \/>\n\t<meta property=\"og:image:type\" content=\"image\/jpeg\" \/>\n<meta name=\"twitter:card\" content=\"summary_large_image\" \/>\n<script type=\"application\/ld+json\" class=\"yoast-schema-graph\">{\"@context\":\"https:\\\/\\\/schema.org\",\"@graph\":[{\"@type\":\"WebPage\",\"@id\":\"https:\\\/\\\/mfpp-origami.fr\\\/en\\\/publication\\\/le-pli\\\/lepli-103\\\/\",\"url\":\"https:\\\/\\\/mfpp-origami.fr\\\/en\\\/publication\\\/le-pli\\\/lepli-103\\\/\",\"name\":\"Le Pli n\u00b0 103 (2\\\/2006) &#8211; Mouvement Fran\u00e7ais des Plieurs de Papier\",\"isPartOf\":{\"@id\":\"https:\\\/\\\/mfpp-origami.fr\\\/en\\\/#website\"},\"primaryImageOfPage\":{\"@id\":\"https:\\\/\\\/mfpp-origami.fr\\\/en\\\/publication\\\/le-pli\\\/lepli-103\\\/#primaryimage\"},\"image\":{\"@id\":\"https:\\\/\\\/mfpp-origami.fr\\\/publication\\\/le-pli\\\/lepli-103\\\/#primaryimage\"},\"thumbnailUrl\":\"https:\\\/\\\/mfpp-origami.fr\\\/media\\\/Le-Pli-103-04-2006-couv.jpg\",\"datePublished\":\"2020-11-02T15:51:40+00:00\",\"dateModified\":\"2024-03-21T03:11:16+00:00\",\"breadcrumb\":{\"@id\":\"https:\\\/\\\/mfpp-origami.fr\\\/en\\\/publication\\\/le-pli\\\/lepli-103\\\/#breadcrumb\"},\"inLanguage\":\"en-US\",\"potentialAction\":[{\"@type\":\"ReadAction\",\"target\":[[\"https:\\\/\\\/mfpp-origami.fr\\\/en\\\/publication\\\/le-pli\\\/lepli-103\\\/\"]]}]},{\"@type\":\"ImageObject\",\"inLanguage\":\"en-US\",\"@id\":\"https:\\\/\\\/mfpp-origami.fr\\\/en\\\/publication\\\/le-pli\\\/lepli-103\\\/#primaryimage\",\"url\":\"https:\\\/\\\/mfpp-origami.fr\\\/media\\\/Le-Pli-103-04-2006-couv.jpg\",\"contentUrl\":\"https:\\\/\\\/mfpp-origami.fr\\\/media\\\/Le-Pli-103-04-2006-couv.jpg\",\"width\":1225,\"height\":1740},{\"@type\":\"BreadcrumbList\",\"@id\":\"https:\\\/\\\/mfpp-origami.fr\\\/en\\\/publication\\\/le-pli\\\/lepli-103\\\/#breadcrumb\",\"itemListElement\":[{\"@type\":\"ListItem\",\"position\":1,\"name\":\"Accueil\",\"item\":\"https:\\\/\\\/mfpp-origami.fr\\\/en\\\/\"},{\"@type\":\"ListItem\",\"position\":2,\"name\":\"Le Pli\",\"item\":\"https:\\\/\\\/mfpp-origami.fr\\\/en\\\/publication\\\/le-pli\\\/\"},{\"@type\":\"ListItem\",\"position\":3,\"name\":\"Le Pli n\u00b0 103 (2\\\/2006)\"}]},{\"@type\":\"WebSite\",\"@id\":\"https:\\\/\\\/mfpp-origami.fr\\\/en\\\/#website\",\"url\":\"https:\\\/\\\/mfpp-origami.fr\\\/en\\\/\",\"name\":\"Mouvement Fran\u00e7ais des Plieurs de Papier\",\"description\":\"French association for the promotion of origami\",\"publisher\":{\"@id\":\"https:\\\/\\\/mfpp-origami.fr\\\/en\\\/#organization\"},\"potentialAction\":[{\"@type\":\"SearchAction\",\"target\":{\"@type\":\"EntryPoint\",\"urlTemplate\":\"https:\\\/\\\/mfpp-origami.fr\\\/en\\\/?s={search_term_string}\"},\"query-input\":{\"@type\":\"PropertyValueSpecification\",\"valueRequired\":true,\"valueName\":\"search_term_string\"}}],\"inLanguage\":\"en-US\"},{\"@type\":\"Organization\",\"@id\":\"https:\\\/\\\/mfpp-origami.fr\\\/en\\\/#organization\",\"name\":\"Mouvement fran\u00e7ais des plieurs de papier\",\"url\":\"https:\\\/\\\/mfpp-origami.fr\\\/en\\\/\",\"logo\":{\"@type\":\"ImageObject\",\"inLanguage\":\"en-US\",\"@id\":\"https:\\\/\\\/mfpp-origami.fr\\\/en\\\/#\\\/schema\\\/logo\\\/image\\\/\",\"url\":\"https:\\\/\\\/mfpp-origami.fr\\\/media\\\/logo_web.png\",\"contentUrl\":\"https:\\\/\\\/mfpp-origami.fr\\\/media\\\/logo_web.png\",\"width\":499,\"height\":167,\"caption\":\"Mouvement fran\u00e7ais des plieurs de papier\"},\"image\":{\"@id\":\"https:\\\/\\\/mfpp-origami.fr\\\/en\\\/#\\\/schema\\\/logo\\\/image\\\/\"},\"sameAs\":[\"https:\\\/\\\/www.facebook.com\\\/mfpp.origami\",\"https:\\\/\\\/www.instagram.com\\\/origami_mfpp\\\/\",\"https:\\\/\\\/www.youtube.com\\\/channel\\\/UC72tuiSDql1EMf0oLmjvV4w\"]}]}<\/script>\n<!-- \/ Yoast SEO plugin. -->","yoast_head_json":{"title":"Le Pli n\u00b0 103 (2\/2006) &#8211; Mouvement Fran\u00e7ais des Plieurs de Papier","robots":{"index":"index","follow":"follow","max-snippet":"max-snippet:-1","max-image-preview":"max-image-preview:large","max-video-preview":"max-video-preview:-1"},"canonical":"https:\/\/mfpp-origami.fr\/en\/publication\/le-pli\/lepli-103\/","og_locale":"en_US","og_type":"article","og_title":"Le Pli n\u00b0 103 (2\/2006) &#8211; Mouvement Fran\u00e7ais des Plieurs de Papier","og_description":"\u00ab Sont les filles de La Rochelle \u00bb et quelques autres plieurs d&#8217;Annette Hassenforder Carlos Gonzalez Santamaria (autoportrait) Roman Diaz (autoportrait) Au pays de l&#8217;origami de Chantal Hinckellrin (exposition \u00e0 Chauny)  Escargot de Carlos Gonz\u00e0lez Santamaria Petit coq de Rom\u00e0n Diaz Deux feuilles de Yoshihide Momotani Fleur avec \u00e9tamine et pistil de Yoshihide Momotani Rameau de la Paix de Claudine Pisasale","og_url":"https:\/\/mfpp-origami.fr\/en\/publication\/le-pli\/lepli-103\/","og_site_name":"Mouvement Fran\u00e7ais des Plieurs de Papier","article_publisher":"https:\/\/www.facebook.com\/mfpp.origami","article_modified_time":"2024-03-21T03:11:16+00:00","og_image":[{"width":1225,"height":1740,"url":"https:\/\/mfpp-origami.fr\/media\/Le-Pli-103-04-2006-couv.jpg","type":"image\/jpeg"}],"twitter_card":"summary_large_image","schema":{"@context":"https:\/\/schema.org","@graph":[{"@type":"WebPage","@id":"https:\/\/mfpp-origami.fr\/en\/publication\/le-pli\/lepli-103\/","url":"https:\/\/mfpp-origami.fr\/en\/publication\/le-pli\/lepli-103\/","name":"Le Pli n\u00b0 103 (2\/2006) &#8211; Mouvement Fran\u00e7ais des Plieurs de Papier","isPartOf":{"@id":"https:\/\/mfpp-origami.fr\/en\/#website"},"primaryImageOfPage":{"@id":"https:\/\/mfpp-origami.fr\/en\/publication\/le-pli\/lepli-103\/#primaryimage"},"image":{"@id":"https:\/\/mfpp-origami.fr\/publication\/le-pli\/lepli-103\/#primaryimage"},"thumbnailUrl":"https:\/\/mfpp-origami.fr\/media\/Le-Pli-103-04-2006-couv.jpg","datePublished":"2020-11-02T15:51:40+00:00","dateModified":"2024-03-21T03:11:16+00:00","breadcrumb":{"@id":"https:\/\/mfpp-origami.fr\/en\/publication\/le-pli\/lepli-103\/#breadcrumb"},"inLanguage":"en-US","potentialAction":[{"@type":"ReadAction","target":[["https:\/\/mfpp-origami.fr\/en\/publication\/le-pli\/lepli-103\/"]]}]},{"@type":"ImageObject","inLanguage":"en-US","@id":"https:\/\/mfpp-origami.fr\/en\/publication\/le-pli\/lepli-103\/#primaryimage","url":"https:\/\/mfpp-origami.fr\/media\/Le-Pli-103-04-2006-couv.jpg","contentUrl":"https:\/\/mfpp-origami.fr\/media\/Le-Pli-103-04-2006-couv.jpg","width":1225,"height":1740},{"@type":"BreadcrumbList","@id":"https:\/\/mfpp-origami.fr\/en\/publication\/le-pli\/lepli-103\/#breadcrumb","itemListElement":[{"@type":"ListItem","position":1,"name":"Accueil","item":"https:\/\/mfpp-origami.fr\/en\/"},{"@type":"ListItem","position":2,"name":"Le Pli","item":"https:\/\/mfpp-origami.fr\/en\/publication\/le-pli\/"},{"@type":"ListItem","position":3,"name":"Le Pli n\u00b0 103 (2\/2006)"}]},{"@type":"WebSite","@id":"https:\/\/mfpp-origami.fr\/en\/#website","url":"https:\/\/mfpp-origami.fr\/en\/","name":"Mouvement Fran\u00e7ais des Plieurs de Papier","description":"French association for the promotion of origami","publisher":{"@id":"https:\/\/mfpp-origami.fr\/en\/#organization"},"potentialAction":[{"@type":"SearchAction","target":{"@type":"EntryPoint","urlTemplate":"https:\/\/mfpp-origami.fr\/en\/?s={search_term_string}"},"query-input":{"@type":"PropertyValueSpecification","valueRequired":true,"valueName":"search_term_string"}}],"inLanguage":"en-US"},{"@type":"Organization","@id":"https:\/\/mfpp-origami.fr\/en\/#organization","name":"Mouvement fran\u00e7ais des plieurs de papier","url":"https:\/\/mfpp-origami.fr\/en\/","logo":{"@type":"ImageObject","inLanguage":"en-US","@id":"https:\/\/mfpp-origami.fr\/en\/#\/schema\/logo\/image\/","url":"https:\/\/mfpp-origami.fr\/media\/logo_web.png","contentUrl":"https:\/\/mfpp-origami.fr\/media\/logo_web.png","width":499,"height":167,"caption":"Mouvement fran\u00e7ais des plieurs de papier"},"image":{"@id":"https:\/\/mfpp-origami.fr\/en\/#\/schema\/logo\/image\/"},"sameAs":["https:\/\/www.facebook.com\/mfpp.origami","https:\/\/www.instagram.com\/origami_mfpp\/","https:\/\/www.youtube.com\/channel\/UC72tuiSDql1EMf0oLmjvV4w"]}]}},"_links":{"self":[{"href":"https:\/\/mfpp-origami.fr\/en\/wp-json\/wp\/v2\/publication\/6034","targetHints":{"allow":["GET"]}}],"collection":[{"href":"https:\/\/mfpp-origami.fr\/en\/wp-json\/wp\/v2\/publication"}],"about":[{"href":"https:\/\/mfpp-origami.fr\/en\/wp-json\/wp\/v2\/types\/publication"}],"version-history":[{"count":1,"href":"https:\/\/mfpp-origami.fr\/en\/wp-json\/wp\/v2\/publication\/6034\/revisions"}],"predecessor-version":[{"id":12374,"href":"https:\/\/mfpp-origami.fr\/en\/wp-json\/wp\/v2\/publication\/6034\/revisions\/12374"}],"up":[{"embeddable":true,"href":"https:\/\/mfpp-origami.fr\/en\/wp-json\/wp\/v2\/publication\/5797"}],"wp:featuredmedia":[{"embeddable":true,"href":"https:\/\/mfpp-origami.fr\/en\/wp-json\/wp\/v2\/media\/791"}],"wp:attachment":[{"href":"https:\/\/mfpp-origami.fr\/en\/wp-json\/wp\/v2\/media?parent=6034"}],"curies":[{"name":"wp","href":"https:\/\/api.w.org\/{rel}","templated":true}]}}

<!-- This site is optimized with the Yoast SEO plugin v27.4 - https://yoast.com/product/yoast-seo-wordpress/ -->
<title>Le Pli n° 103 (2/2006) &#8211; Mouvement Français des Plieurs de Papier</title>
<meta name="robots" content="index, follow, max-snippet:-1, max-image-preview:large, max-video-preview:-1" />
<link rel="canonical" href="https://mfpp-origami.fr/en/publication/le-pli/lepli-103/" />
<meta property="og:locale" content="en_US" />
<meta property="og:type" content="article" />
<meta property="og:title" content="Le Pli n° 103 (2/2006) &#8211; Mouvement Français des Plieurs de Papier" />
<meta property="og:description" content="« Sont les filles de La Rochelle » et quelques autres plieurs d&#8217;Annette Hassenforder Carlos Gonzalez Santamaria (autoportrait) Roman Diaz (autoportrait) Au pays de l&#8217;origami de Chantal Hinckellrin (exposition à Chauny)  Escargot de Carlos Gonzàlez Santamaria Petit coq de Romàn Diaz Deux feuilles de Yoshihide Momotani Fleur avec étamine et pistil de Yoshihide Momotani Rameau de la Paix de Claudine Pisasale" />
<meta property="og:url" content="https://mfpp-origami.fr/en/publication/le-pli/lepli-103/" />
<meta property="og:site_name" content="Mouvement Français des Plieurs de Papier" />
<meta property="article:publisher" content="https://www.facebook.com/mfpp.origami" />
<meta property="article:modified_time" content="2024-03-21T03:11:16+00:00" />
<meta property="og:image" content="https://mfpp-origami.fr/media/Le-Pli-103-04-2006-couv.jpg" />
	<meta property="og:image:width" content="1225" />
	<meta property="og:image:height" content="1740" />
	<meta property="og:image:type" content="image/jpeg" />
<meta name="twitter:card" content="summary_large_image" />
<script type="application/ld+json" class="yoast-schema-graph">{"@context":"https:\/\/schema.org","@graph":[{"@type":"WebPage","@id":"https:\/\/mfpp-origami.fr\/en\/publication\/le-pli\/lepli-103\/","url":"https:\/\/mfpp-origami.fr\/en\/publication\/le-pli\/lepli-103\/","name":"Le Pli n° 103 (2\/2006) &#8211; Mouvement Français des Plieurs de Papier","isPartOf":{"@id":"https:\/\/mfpp-origami.fr\/en\/#website"},"primaryImageOfPage":{"@id":"https:\/\/mfpp-origami.fr\/en\/publication\/le-pli\/lepli-103\/#primaryimage"},"image":{"@id":"https:\/\/mfpp-origami.fr\/publication\/le-pli\/lepli-103\/#primaryimage"},"thumbnailUrl":"https:\/\/mfpp-origami.fr\/media\/Le-Pli-103-04-2006-couv.jpg","datePublished":"2020-11-02T15:51:40+00:00","dateModified":"2024-03-21T03:11:16+00:00","breadcrumb":{"@id":"https:\/\/mfpp-origami.fr\/en\/publication\/le-pli\/lepli-103\/#breadcrumb"},"inLanguage":"en-US","potentialAction":[{"@type":"ReadAction","target":[["https:\/\/mfpp-origami.fr\/en\/publication\/le-pli\/lepli-103\/"]]}]},{"@type":"ImageObject","inLanguage":"en-US","@id":"https:\/\/mfpp-origami.fr\/en\/publication\/le-pli\/lepli-103\/#primaryimage","url":"https:\/\/mfpp-origami.fr\/media\/Le-Pli-103-04-2006-couv.jpg","contentUrl":"https:\/\/mfpp-origami.fr\/media\/Le-Pli-103-04-2006-couv.jpg","width":1225,"height":1740},{"@type":"BreadcrumbList","@id":"https:\/\/mfpp-origami.fr\/en\/publication\/le-pli\/lepli-103\/#breadcrumb","itemListElement":[{"@type":"ListItem","position":1,"name":"Accueil","item":"https:\/\/mfpp-origami.fr\/en\/"},{"@type":"ListItem","position":2,"name":"Le Pli","item":"https:\/\/mfpp-origami.fr\/en\/publication\/le-pli\/"},{"@type":"ListItem","position":3,"name":"Le Pli n° 103 (2\/2006)"}]},{"@type":"WebSite","@id":"https:\/\/mfpp-origami.fr\/en\/#website","url":"https:\/\/mfpp-origami.fr\/en\/","name":"Mouvement Français des Plieurs de Papier","description":"French association for the promotion of origami","publisher":{"@id":"https:\/\/mfpp-origami.fr\/en\/#organization"},"potentialAction":[{"@type":"SearchAction","target":{"@type":"EntryPoint","urlTemplate":"https:\/\/mfpp-origami.fr\/en\/?s={search_term_string}"},"query-input":{"@type":"PropertyValueSpecification","valueRequired":true,"valueName":"search_term_string"}}],"inLanguage":"en-US"},{"@type":"Organization","@id":"https:\/\/mfpp-origami.fr\/en\/#organization","name":"Mouvement français des plieurs de papier","url":"https:\/\/mfpp-origami.fr\/en\/","logo":{"@type":"ImageObject","inLanguage":"en-US","@id":"https:\/\/mfpp-origami.fr\/en\/#\/schema\/logo\/image\/","url":"https:\/\/mfpp-origami.fr\/media\/logo_web.png","contentUrl":"https:\/\/mfpp-origami.fr\/media\/logo_web.png","width":499,"height":167,"caption":"Mouvement français des plieurs de papier"},"image":{"@id":"https:\/\/mfpp-origami.fr\/en\/#\/schema\/logo\/image\/"},"sameAs":["https:\/\/www.facebook.com\/mfpp.origami","https:\/\/www.instagram.com\/origami_mfpp\/","https:\/\/www.youtube.com\/channel\/UC72tuiSDql1EMf0oLmjvV4w"]}]}</script>
<!-- / Yoast SEO plugin. -->

Le Pli n° 103 (2/2006) &#8211; Mouvement Français des Plieurs de Papier

« Sont les filles de La Rochelle » et quelques autres plieurs d&#8217;Annette Hassenforder Carlos Gonzalez Santamaria (autoportrait) Roman Diaz (autoportrait) Au pays de l&#8217;origami de Chantal Hinckellrin (exposition à Chauny)  Escargot de Carlos Gonzàlez Santamaria Petit coq de Romàn Diaz Deux feuilles de Yoshihide Momotani Fleur avec étamine et pistil de Yoshihide Momotani Rameau de la Paix de Claudine Pisasale

Mouvement Français des Plieurs de Papier

Mouvement français des plieurs de papier
