
{"id":5842,"date":"2019-01-25T10:14:00","date_gmt":"2019-01-25T09:14:00","guid":{"rendered":"https:\/\/mfpp-origami.fr\/?post_type=publication&#038;p=5842"},"modified":"2024-03-21T04:11:15","modified_gmt":"2024-03-21T03:11:15","slug":"lepli-152","status":"publish","type":"publication","link":"https:\/\/mfpp-origami.fr\/en\/publication\/le-pli\/lepli-152\/","title":{"rendered":"Le Pli n\u00b0 152 (1\/2019)"},"content":{"rendered":"","protected":false},"featured_media":5176,"parent":5797,"menu_order":0,"template":"","meta":{"_acf_changed":false,"wp_typography_post_enhancements_disabled":false,"ngg_post_thumbnail":0,"__cvm_playback_settings":[],"__cvm_video_id":"","footnotes":""},"class_list":["post-5842","publication","type-publication","status-publish","has-post-thumbnail","hentry"],"acf":[],"yoast_head":"<!-- This site is optimized with the Yoast SEO plugin v27.4 - https:\/\/yoast.com\/product\/yoast-seo-wordpress\/ -->\n<title>Le Pli n\u00b0 152 (1\/2019) &#8211; Mouvement Fran\u00e7ais des Plieurs de Papier<\/title>\n<meta name=\"robots\" content=\"index, follow, max-snippet:-1, max-image-preview:large, max-video-preview:-1\" \/>\n<link rel=\"canonical\" href=\"https:\/\/mfpp-origami.fr\/en\/publication\/le-pli\/lepli-152\/\" \/>\n<meta property=\"og:locale\" content=\"en_US\" \/>\n<meta property=\"og:type\" content=\"article\" \/>\n<meta property=\"og:title\" content=\"Le Pli n\u00b0 152 (1\/2019) &#8211; Mouvement Fran\u00e7ais des Plieurs de Papier\" \/>\n<meta property=\"og:description\" content=\"Origami Alsace se plie en quatre pour vous accueillir par Josiane Ferraretto \u00c0 la rencontre de G\u00e9rard de Valck par C\u00e9cile Geniez et Aur\u00e8le Duda Voir l\u2019apprentissage comme un origami par Jonathan Rebouillat Mathieu Gueros, apprendre par les \u00abtutos\u00bb par Mathieu Gueros Le livret Plions en fran\u00e7ais par Claire Landre  L\u00e9zard de G\u00e9rard de Valck Dragon cracheur de feu de Mathieu Gueros Lion de Mathieu Gueros Canard d\u2019Edwin Corrie\" \/>\n<meta property=\"og:url\" content=\"https:\/\/mfpp-origami.fr\/en\/publication\/le-pli\/lepli-152\/\" \/>\n<meta property=\"og:site_name\" content=\"Mouvement Fran\u00e7ais des Plieurs de Papier\" \/>\n<meta property=\"article:publisher\" content=\"https:\/\/www.facebook.com\/mfpp.origami\" \/>\n<meta property=\"article:modified_time\" content=\"2024-03-21T03:11:15+00:00\" \/>\n<meta property=\"og:image\" content=\"https:\/\/mfpp-origami.fr\/media\/pli152.jpg\" \/>\n\t<meta property=\"og:image:width\" content=\"669\" \/>\n\t<meta property=\"og:image:height\" content=\"944\" \/>\n\t<meta property=\"og:image:type\" content=\"image\/jpeg\" \/>\n<meta name=\"twitter:card\" content=\"summary_large_image\" \/>\n<script type=\"application\/ld+json\" class=\"yoast-schema-graph\">{\"@context\":\"https:\\\/\\\/schema.org\",\"@graph\":[{\"@type\":\"WebPage\",\"@id\":\"https:\\\/\\\/mfpp-origami.fr\\\/en\\\/publication\\\/le-pli\\\/lepli-152\\\/\",\"url\":\"https:\\\/\\\/mfpp-origami.fr\\\/en\\\/publication\\\/le-pli\\\/lepli-152\\\/\",\"name\":\"Le Pli n\u00b0 152 (1\\\/2019) &#8211; Mouvement Fran\u00e7ais des Plieurs de Papier\",\"isPartOf\":{\"@id\":\"https:\\\/\\\/mfpp-origami.fr\\\/en\\\/#website\"},\"primaryImageOfPage\":{\"@id\":\"https:\\\/\\\/mfpp-origami.fr\\\/en\\\/publication\\\/le-pli\\\/lepli-152\\\/#primaryimage\"},\"image\":{\"@id\":\"https:\\\/\\\/mfpp-origami.fr\\\/publication\\\/le-pli\\\/lepli-152\\\/#primaryimage\"},\"thumbnailUrl\":\"https:\\\/\\\/mfpp-origami.fr\\\/media\\\/pli152.jpg\",\"datePublished\":\"2019-01-25T09:14:00+00:00\",\"dateModified\":\"2024-03-21T03:11:15+00:00\",\"breadcrumb\":{\"@id\":\"https:\\\/\\\/mfpp-origami.fr\\\/en\\\/publication\\\/le-pli\\\/lepli-152\\\/#breadcrumb\"},\"inLanguage\":\"en-US\",\"potentialAction\":[{\"@type\":\"ReadAction\",\"target\":[[\"https:\\\/\\\/mfpp-origami.fr\\\/en\\\/publication\\\/le-pli\\\/lepli-152\\\/\"]]}]},{\"@type\":\"ImageObject\",\"inLanguage\":\"en-US\",\"@id\":\"https:\\\/\\\/mfpp-origami.fr\\\/en\\\/publication\\\/le-pli\\\/lepli-152\\\/#primaryimage\",\"url\":\"https:\\\/\\\/mfpp-origami.fr\\\/media\\\/pli152.jpg\",\"contentUrl\":\"https:\\\/\\\/mfpp-origami.fr\\\/media\\\/pli152.jpg\",\"width\":669,\"height\":944},{\"@type\":\"BreadcrumbList\",\"@id\":\"https:\\\/\\\/mfpp-origami.fr\\\/en\\\/publication\\\/le-pli\\\/lepli-152\\\/#breadcrumb\",\"itemListElement\":[{\"@type\":\"ListItem\",\"position\":1,\"name\":\"Accueil\",\"item\":\"https:\\\/\\\/mfpp-origami.fr\\\/en\\\/\"},{\"@type\":\"ListItem\",\"position\":2,\"name\":\"Le Pli\",\"item\":\"https:\\\/\\\/mfpp-origami.fr\\\/en\\\/publication\\\/le-pli\\\/\"},{\"@type\":\"ListItem\",\"position\":3,\"name\":\"Le Pli n\u00b0 152 (1\\\/2019)\"}]},{\"@type\":\"WebSite\",\"@id\":\"https:\\\/\\\/mfpp-origami.fr\\\/en\\\/#website\",\"url\":\"https:\\\/\\\/mfpp-origami.fr\\\/en\\\/\",\"name\":\"Mouvement Fran\u00e7ais des Plieurs de Papier\",\"description\":\"French association for the promotion of origami\",\"publisher\":{\"@id\":\"https:\\\/\\\/mfpp-origami.fr\\\/en\\\/#organization\"},\"potentialAction\":[{\"@type\":\"SearchAction\",\"target\":{\"@type\":\"EntryPoint\",\"urlTemplate\":\"https:\\\/\\\/mfpp-origami.fr\\\/en\\\/?s={search_term_string}\"},\"query-input\":{\"@type\":\"PropertyValueSpecification\",\"valueRequired\":true,\"valueName\":\"search_term_string\"}}],\"inLanguage\":\"en-US\"},{\"@type\":\"Organization\",\"@id\":\"https:\\\/\\\/mfpp-origami.fr\\\/en\\\/#organization\",\"name\":\"Mouvement fran\u00e7ais des plieurs de papier\",\"url\":\"https:\\\/\\\/mfpp-origami.fr\\\/en\\\/\",\"logo\":{\"@type\":\"ImageObject\",\"inLanguage\":\"en-US\",\"@id\":\"https:\\\/\\\/mfpp-origami.fr\\\/en\\\/#\\\/schema\\\/logo\\\/image\\\/\",\"url\":\"https:\\\/\\\/mfpp-origami.fr\\\/media\\\/logo_web.png\",\"contentUrl\":\"https:\\\/\\\/mfpp-origami.fr\\\/media\\\/logo_web.png\",\"width\":499,\"height\":167,\"caption\":\"Mouvement fran\u00e7ais des plieurs de papier\"},\"image\":{\"@id\":\"https:\\\/\\\/mfpp-origami.fr\\\/en\\\/#\\\/schema\\\/logo\\\/image\\\/\"},\"sameAs\":[\"https:\\\/\\\/www.facebook.com\\\/mfpp.origami\",\"https:\\\/\\\/www.instagram.com\\\/origami_mfpp\\\/\",\"https:\\\/\\\/www.youtube.com\\\/channel\\\/UC72tuiSDql1EMf0oLmjvV4w\"]}]}<\/script>\n<!-- \/ Yoast SEO plugin. -->","yoast_head_json":{"title":"Le Pli n\u00b0 152 (1\/2019) &#8211; Mouvement Fran\u00e7ais des Plieurs de Papier","robots":{"index":"index","follow":"follow","max-snippet":"max-snippet:-1","max-image-preview":"max-image-preview:large","max-video-preview":"max-video-preview:-1"},"canonical":"https:\/\/mfpp-origami.fr\/en\/publication\/le-pli\/lepli-152\/","og_locale":"en_US","og_type":"article","og_title":"Le Pli n\u00b0 152 (1\/2019) &#8211; Mouvement Fran\u00e7ais des Plieurs de Papier","og_description":"Origami Alsace se plie en quatre pour vous accueillir par Josiane Ferraretto \u00c0 la rencontre de G\u00e9rard de Valck par C\u00e9cile Geniez et Aur\u00e8le Duda Voir l\u2019apprentissage comme un origami par Jonathan Rebouillat Mathieu Gueros, apprendre par les \u00abtutos\u00bb par Mathieu Gueros Le livret Plions en fran\u00e7ais par Claire Landre  L\u00e9zard de G\u00e9rard de Valck Dragon cracheur de feu de Mathieu Gueros Lion de Mathieu Gueros Canard d\u2019Edwin Corrie","og_url":"https:\/\/mfpp-origami.fr\/en\/publication\/le-pli\/lepli-152\/","og_site_name":"Mouvement Fran\u00e7ais des Plieurs de Papier","article_publisher":"https:\/\/www.facebook.com\/mfpp.origami","article_modified_time":"2024-03-21T03:11:15+00:00","og_image":[{"width":669,"height":944,"url":"https:\/\/mfpp-origami.fr\/media\/pli152.jpg","type":"image\/jpeg"}],"twitter_card":"summary_large_image","schema":{"@context":"https:\/\/schema.org","@graph":[{"@type":"WebPage","@id":"https:\/\/mfpp-origami.fr\/en\/publication\/le-pli\/lepli-152\/","url":"https:\/\/mfpp-origami.fr\/en\/publication\/le-pli\/lepli-152\/","name":"Le Pli n\u00b0 152 (1\/2019) &#8211; Mouvement Fran\u00e7ais des Plieurs de Papier","isPartOf":{"@id":"https:\/\/mfpp-origami.fr\/en\/#website"},"primaryImageOfPage":{"@id":"https:\/\/mfpp-origami.fr\/en\/publication\/le-pli\/lepli-152\/#primaryimage"},"image":{"@id":"https:\/\/mfpp-origami.fr\/publication\/le-pli\/lepli-152\/#primaryimage"},"thumbnailUrl":"https:\/\/mfpp-origami.fr\/media\/pli152.jpg","datePublished":"2019-01-25T09:14:00+00:00","dateModified":"2024-03-21T03:11:15+00:00","breadcrumb":{"@id":"https:\/\/mfpp-origami.fr\/en\/publication\/le-pli\/lepli-152\/#breadcrumb"},"inLanguage":"en-US","potentialAction":[{"@type":"ReadAction","target":[["https:\/\/mfpp-origami.fr\/en\/publication\/le-pli\/lepli-152\/"]]}]},{"@type":"ImageObject","inLanguage":"en-US","@id":"https:\/\/mfpp-origami.fr\/en\/publication\/le-pli\/lepli-152\/#primaryimage","url":"https:\/\/mfpp-origami.fr\/media\/pli152.jpg","contentUrl":"https:\/\/mfpp-origami.fr\/media\/pli152.jpg","width":669,"height":944},{"@type":"BreadcrumbList","@id":"https:\/\/mfpp-origami.fr\/en\/publication\/le-pli\/lepli-152\/#breadcrumb","itemListElement":[{"@type":"ListItem","position":1,"name":"Accueil","item":"https:\/\/mfpp-origami.fr\/en\/"},{"@type":"ListItem","position":2,"name":"Le Pli","item":"https:\/\/mfpp-origami.fr\/en\/publication\/le-pli\/"},{"@type":"ListItem","position":3,"name":"Le Pli n\u00b0 152 (1\/2019)"}]},{"@type":"WebSite","@id":"https:\/\/mfpp-origami.fr\/en\/#website","url":"https:\/\/mfpp-origami.fr\/en\/","name":"Mouvement Fran\u00e7ais des Plieurs de Papier","description":"French association for the promotion of origami","publisher":{"@id":"https:\/\/mfpp-origami.fr\/en\/#organization"},"potentialAction":[{"@type":"SearchAction","target":{"@type":"EntryPoint","urlTemplate":"https:\/\/mfpp-origami.fr\/en\/?s={search_term_string}"},"query-input":{"@type":"PropertyValueSpecification","valueRequired":true,"valueName":"search_term_string"}}],"inLanguage":"en-US"},{"@type":"Organization","@id":"https:\/\/mfpp-origami.fr\/en\/#organization","name":"Mouvement fran\u00e7ais des plieurs de papier","url":"https:\/\/mfpp-origami.fr\/en\/","logo":{"@type":"ImageObject","inLanguage":"en-US","@id":"https:\/\/mfpp-origami.fr\/en\/#\/schema\/logo\/image\/","url":"https:\/\/mfpp-origami.fr\/media\/logo_web.png","contentUrl":"https:\/\/mfpp-origami.fr\/media\/logo_web.png","width":499,"height":167,"caption":"Mouvement fran\u00e7ais des plieurs de papier"},"image":{"@id":"https:\/\/mfpp-origami.fr\/en\/#\/schema\/logo\/image\/"},"sameAs":["https:\/\/www.facebook.com\/mfpp.origami","https:\/\/www.instagram.com\/origami_mfpp\/","https:\/\/www.youtube.com\/channel\/UC72tuiSDql1EMf0oLmjvV4w"]}]}},"_links":{"self":[{"href":"https:\/\/mfpp-origami.fr\/en\/wp-json\/wp\/v2\/publication\/5842","targetHints":{"allow":["GET"]}}],"collection":[{"href":"https:\/\/mfpp-origami.fr\/en\/wp-json\/wp\/v2\/publication"}],"about":[{"href":"https:\/\/mfpp-origami.fr\/en\/wp-json\/wp\/v2\/types\/publication"}],"version-history":[{"count":1,"href":"https:\/\/mfpp-origami.fr\/en\/wp-json\/wp\/v2\/publication\/5842\/revisions"}],"predecessor-version":[{"id":12335,"href":"https:\/\/mfpp-origami.fr\/en\/wp-json\/wp\/v2\/publication\/5842\/revisions\/12335"}],"up":[{"embeddable":true,"href":"https:\/\/mfpp-origami.fr\/en\/wp-json\/wp\/v2\/publication\/5797"}],"wp:featuredmedia":[{"embeddable":true,"href":"https:\/\/mfpp-origami.fr\/en\/wp-json\/wp\/v2\/media\/5176"}],"wp:attachment":[{"href":"https:\/\/mfpp-origami.fr\/en\/wp-json\/wp\/v2\/media?parent=5842"}],"curies":[{"name":"wp","href":"https:\/\/api.w.org\/{rel}","templated":true}]}}

<!-- This site is optimized with the Yoast SEO plugin v27.4 - https://yoast.com/product/yoast-seo-wordpress/ -->
<title>Le Pli n° 152 (1/2019) &#8211; Mouvement Français des Plieurs de Papier</title>
<meta name="robots" content="index, follow, max-snippet:-1, max-image-preview:large, max-video-preview:-1" />
<link rel="canonical" href="https://mfpp-origami.fr/en/publication/le-pli/lepli-152/" />
<meta property="og:locale" content="en_US" />
<meta property="og:type" content="article" />
<meta property="og:title" content="Le Pli n° 152 (1/2019) &#8211; Mouvement Français des Plieurs de Papier" />
<meta property="og:description" content="Origami Alsace se plie en quatre pour vous accueillir par Josiane Ferraretto À la rencontre de Gérard de Valck par Cécile Geniez et Aurèle Duda Voir l’apprentissage comme un origami par Jonathan Rebouillat Mathieu Gueros, apprendre par les «tutos» par Mathieu Gueros Le livret Plions en français par Claire Landre  Lézard de Gérard de Valck Dragon cracheur de feu de Mathieu Gueros Lion de Mathieu Gueros Canard d’Edwin Corrie" />
<meta property="og:url" content="https://mfpp-origami.fr/en/publication/le-pli/lepli-152/" />
<meta property="og:site_name" content="Mouvement Français des Plieurs de Papier" />
<meta property="article:publisher" content="https://www.facebook.com/mfpp.origami" />
<meta property="article:modified_time" content="2024-03-21T03:11:15+00:00" />
<meta property="og:image" content="https://mfpp-origami.fr/media/pli152.jpg" />
	<meta property="og:image:width" content="669" />
	<meta property="og:image:height" content="944" />
	<meta property="og:image:type" content="image/jpeg" />
<meta name="twitter:card" content="summary_large_image" />
<script type="application/ld+json" class="yoast-schema-graph">{"@context":"https:\/\/schema.org","@graph":[{"@type":"WebPage","@id":"https:\/\/mfpp-origami.fr\/en\/publication\/le-pli\/lepli-152\/","url":"https:\/\/mfpp-origami.fr\/en\/publication\/le-pli\/lepli-152\/","name":"Le Pli n° 152 (1\/2019) &#8211; Mouvement Français des Plieurs de Papier","isPartOf":{"@id":"https:\/\/mfpp-origami.fr\/en\/#website"},"primaryImageOfPage":{"@id":"https:\/\/mfpp-origami.fr\/en\/publication\/le-pli\/lepli-152\/#primaryimage"},"image":{"@id":"https:\/\/mfpp-origami.fr\/publication\/le-pli\/lepli-152\/#primaryimage"},"thumbnailUrl":"https:\/\/mfpp-origami.fr\/media\/pli152.jpg","datePublished":"2019-01-25T09:14:00+00:00","dateModified":"2024-03-21T03:11:15+00:00","breadcrumb":{"@id":"https:\/\/mfpp-origami.fr\/en\/publication\/le-pli\/lepli-152\/#breadcrumb"},"inLanguage":"en-US","potentialAction":[{"@type":"ReadAction","target":[["https:\/\/mfpp-origami.fr\/en\/publication\/le-pli\/lepli-152\/"]]}]},{"@type":"ImageObject","inLanguage":"en-US","@id":"https:\/\/mfpp-origami.fr\/en\/publication\/le-pli\/lepli-152\/#primaryimage","url":"https:\/\/mfpp-origami.fr\/media\/pli152.jpg","contentUrl":"https:\/\/mfpp-origami.fr\/media\/pli152.jpg","width":669,"height":944},{"@type":"BreadcrumbList","@id":"https:\/\/mfpp-origami.fr\/en\/publication\/le-pli\/lepli-152\/#breadcrumb","itemListElement":[{"@type":"ListItem","position":1,"name":"Accueil","item":"https:\/\/mfpp-origami.fr\/en\/"},{"@type":"ListItem","position":2,"name":"Le Pli","item":"https:\/\/mfpp-origami.fr\/en\/publication\/le-pli\/"},{"@type":"ListItem","position":3,"name":"Le Pli n° 152 (1\/2019)"}]},{"@type":"WebSite","@id":"https:\/\/mfpp-origami.fr\/en\/#website","url":"https:\/\/mfpp-origami.fr\/en\/","name":"Mouvement Français des Plieurs de Papier","description":"French association for the promotion of origami","publisher":{"@id":"https:\/\/mfpp-origami.fr\/en\/#organization"},"potentialAction":[{"@type":"SearchAction","target":{"@type":"EntryPoint","urlTemplate":"https:\/\/mfpp-origami.fr\/en\/?s={search_term_string}"},"query-input":{"@type":"PropertyValueSpecification","valueRequired":true,"valueName":"search_term_string"}}],"inLanguage":"en-US"},{"@type":"Organization","@id":"https:\/\/mfpp-origami.fr\/en\/#organization","name":"Mouvement français des plieurs de papier","url":"https:\/\/mfpp-origami.fr\/en\/","logo":{"@type":"ImageObject","inLanguage":"en-US","@id":"https:\/\/mfpp-origami.fr\/en\/#\/schema\/logo\/image\/","url":"https:\/\/mfpp-origami.fr\/media\/logo_web.png","contentUrl":"https:\/\/mfpp-origami.fr\/media\/logo_web.png","width":499,"height":167,"caption":"Mouvement français des plieurs de papier"},"image":{"@id":"https:\/\/mfpp-origami.fr\/en\/#\/schema\/logo\/image\/"},"sameAs":["https:\/\/www.facebook.com\/mfpp.origami","https:\/\/www.instagram.com\/origami_mfpp\/","https:\/\/www.youtube.com\/channel\/UC72tuiSDql1EMf0oLmjvV4w"]}]}</script>
<!-- / Yoast SEO plugin. -->

Le Pli n° 152 (1/2019) &#8211; Mouvement Français des Plieurs de Papier

Origami Alsace se plie en quatre pour vous accueillir par Josiane Ferraretto À la rencontre de Gérard de Valck par Cécile Geniez et Aurèle Duda Voir l’apprentissage comme un origami par Jonathan Rebouillat Mathieu Gueros, apprendre par les «tutos» par Mathieu Gueros Le livret Plions en français par Claire Landre  Lézard de Gérard de Valck Dragon cracheur de feu de Mathieu Gueros Lion de Mathieu Gueros Canard d’Edwin Corrie

Mouvement Français des Plieurs de Papier

Mouvement français des plieurs de papier
